3
List the prime factors of 5528.
2, 691
What are the prime factors of 21491?
21491
List the prime factors of 8820.
2, 3, 5, 7
List the prime factors of 6302.
2, 23, 137
What are the prime factors of 113937?
3, 163, 233
List the prime factors of 958.
2, 479
What are the prime factors of 723?
3, 241
List the prime factors of 12453.
3, 7, 593
List the prime factors of 2885.
5, 577
List the prime factors of 41696.
2, 1303
List the prime factors of 1762.
2, 881
What are the prime factors of 106263?
3, 11807
What are the prime factors of 323?
17, 19
What are the prime factors of 40601?
11, 3691
List the prime factors of 13971.
3, 4657
What are the prime factors of 12535?
5, 23, 109
List the prime factors of 849.
3, 283
What are the prime factors of 2759?
31, 89
What are the prime factors of 33415?
5, 41, 163
List the prime factors of 4056.
2, 3, 13
What are the prime factors of 3517?
3517
List the prime factors of 7769.
17, 457
What are the prime factors of 42816?
2, 3, 223
What are the prime factors of 11934?
2, 3, 13, 17
What are the prime factors of 107947?
7, 2203
List the prime factors of 30733.
73, 421
List the prime factors of 5467.
7, 11, 71
List the prime factors of 2118.
2, 3, 353
List the prime factors of 20774.
2, 13, 17, 47
What are the prime factors of 3746?
2, 1873
What are the prime factors of 31346?
2, 7, 2239
List the prime factors of 1774.
2, 887
What are the prime factors of 6961?
6961
List the prime factors of 9112.
2, 17, 67
List the prime factors of 3504.
2, 3, 73
List the prime factors of 100025.
5, 4001
List the prime factors of 1455.
3, 5, 97
List the prime factors of 851.
23, 37
List the prime factors of 16139.
16139
What are the prime factors of 36718?
2, 11, 1669
What are the prime factors of 13734?
2, 3, 7, 109
List the prime factors of 82.
2, 41
List the prime factors of 11684.
2, 23, 127
List the prime factors of 5989.
53, 113
List the prime factors of 96700.
2, 5, 967
What are the prime factors of 1403?
23, 61
What are the prime factors of 11236?
2, 53
List the prime factors of 11451.
3, 11, 347
List the prime factors of 101804.
2, 31, 821
List the prime factors of 317.
317
List the prime factors of 10599.
3, 3533
List the prime factors of 9336.
2, 3, 389
What are the prime factors of 13271?
23, 577
List the prime factors of 1447.
1447
What are the prime factors of 143?
11, 13
What are the prime factors of 1299?
3, 433
List the prime factors of 4958.
2, 37, 67
List the prime factors of 865.
5, 173
What are the prime factors of 5147?
5147
List the prime factors of 13976.
2, 1747
List the prime factors of 164.
2, 41
What are the prime factors of 1430?
2, 5, 11, 13
List the prime factors of 8631.
3, 7, 137
What are the prime factors of 85434?
2, 3, 29, 491
List the prime factors of 26224.
2, 11, 149
List the prime factors of 2524.
2, 631
What are the prime factors of 3720?
2, 3, 5, 31
What are the prime factors of 3013?
23, 131
List the prime factors of 116.
2, 29
List the prime factors of 407.
11, 37
What are the prime factors of 763?
7, 109
What are the prime factors of 4858?
2, 7, 347
List the prime factors of 28726.
2, 53, 271
List the prime factors of 14999.
53, 283
What are the prime factors of 12707?
97, 131
What are the prime factors of 3428?
2, 857
List the prime factors of 3800.
2, 5, 19
What are the prime factors of 179276?
2, 44819
List the prime factors of 739.
739
What are the prime factors of 3522?
2, 3, 587
List the prime factors of 664.
2, 83
List the prime factors of 2753.
2753
What are the prime factors of 557?
557
What are the prime factors of 1420?
2, 5, 71
List the prime factors of 411.
3, 137
List the prime factors of 30935.
5, 23, 269
List the prime factors of 7351.
7351
What are the prime factors of 2974?
2, 1487
What are the prime factors of 2113?
2113
List the prime factors of 1792.
2, 7
List the prime factors of 1297.
1297
What are the prime factors of 3805?
5, 761
List the prime factors of 28935.
3, 5, 643
What are the prime factors of 1113?
3, 7, 53
What are the prime factors of 27193?
71, 383
List the prime factors of 796.
2, 199
List the prime factors of 6485.
5, 1297
What are the prime factors of 4062?
2, 3, 677
List the prime factors of 26071.
29, 31
List the prime factors of 4139.
4139
List the prime factors of 5308.
2, 1327
List the prime factors of 2876.
2, 719
What are the prime factors of 26123?
151, 173
List the prime factors of 37704.
2, 3, 1571
What are the prime factors of 830?
2, 5, 83
List the prime factors of 4051.
4051
What are the prime factors of 3008?
2, 47
What are the prime factors of 120757?
7, 13, 1327
What are the prime factors of 6358?
2, 11, 17
What are the prime factors of 74470?
2, 5, 11, 677
What are the prime factors of 16115?
5, 11, 293
What are the prime factors of 12066?
2, 3, 2011
What are the prime factors of 336?
2, 3, 7
List the prime factors of 3950.
2, 5, 79
List the prime factors of 6256.
2, 17, 23
What are the prime factors of 29118?
2, 3, 23, 211
List the prime factors of 81.
3
What are the prime factors of 24593?
24593
List the prime factors of 864.
2, 3
What are the prime factors of 29950?
2, 5, 599
What are the prime factors of 519?
3, 173
What are the prime factors of 62020?
2, 5, 7, 443
What are the prime factors of 1336?
2, 167
What are the prime factors of 3091?
11, 281
What are the prime factors of 19965?
3, 5, 11
What are the prime factors of 6642?
2, 3, 41
What are the prime factors of 53380?
2, 5, 17, 157
List the prime factors of 8932.
2, 7, 11, 29
What are the prime factors of 220?
2, 5, 11
What are the prime factors of 71722?
2, 7, 47, 109
List the prime factors of 7018.
2, 11, 29
List the prime factors of 3706.
2, 17, 109
What are the prime factors of 230?
2, 5, 23
List the prime factors of 55226.
2, 53, 521
What are the prime factors of 10829?
7, 13, 17
What are the prime factors of 8550?
2, 3, 5, 19
List the prime factors of 2181.
3, 727
List the prime factors of 3431.
47, 73
List the prime factors of 23548.
2, 7, 29
What are the prime factors of 737?
11, 67
What are the prime factors of 19736?
2, 2467
What are the prime factors of 2152?
2, 269
What are the prime factors of 3621?
3, 17, 71
List the prime factors of 1764.
2, 3, 7
List the prime factors of 7126.
2, 7, 509
What are the prime factors of 1144?
2, 11, 13
List the prime factors of 803.
11, 73
List the prime factors of 68892.
2, 3, 5741
What are the prime factors of 1184?
2, 37
List the prime factors of 1125.
3, 5
What are the prime factors of 1264?
2, 79
What are the prime factors of 1389?
3, 463
What are the prime factors of 2366?
2, 7, 13
What are the prime factors of 66802?
2, 127, 263
List the prime factors of 46269.
3, 53, 97
List the prime factors of 11059.
11059
What are the prime factors of 23929?
23929
What are the prime factors of 3295?
5, 659
What are the prime factors of 4979?
13, 383
What are the prime factors of 41627?
41627
What are the prime factors of 25177?
17, 1481
List the prime factors of 2243.
2243
What are the prime factors of 91595?
5, 7, 2617
What are the prime factors of 20435?
5, 61, 67
List the prime factors of 1115.
5, 223
List the prime factors of 5952.
2, 3, 31
List the prime factors of 1485.
3, 5, 11
What are the prime factors of 3606?
2, 3, 601
What are the prime factors of 201?
3, 67
List the prime factors of 48025.
5, 17, 113
List the prime factors of 700.
2, 5, 7
List the prime factors of 49172.
2, 19, 647
List the prime factors of 5358.
2, 3, 19, 47
What are the prime factors of 85342?
2, 71, 601
What are the prime factors of 3596?
2, 29, 31
What are the prime factors of 1471?
1471
List the prime factors of 770.
2, 5, 7, 11
List the prime factors of 124706.
2, 23, 2711
What are the prime factors of 1321?
1321
List the prime factors of 38534.
2, 19267
List the prime factors of 6709.
6709
What are the prime factors of 205151?
205151
List the prime factors of 608.
2, 19
List the prime factors of 27808.
2, 11, 79
List the prime factors of 1966.
2, 983
What are the prime factors of 735?
3, 5, 7
List the prime factors of 15446.
2, 7723
What are the prime factors of 183?
3, 61
What are the prime factors of 5312?
2, 83
List the prime factors of 188931.
3, 71, 887
List the prime factors of 974.
2, 487
List the prime factors of 21610.
2, 5